{"id":468,"date":"2021-03-10T11:36:31","date_gmt":"2021-03-10T10:36:31","guid":{"rendered":"https:\/\/www.canballet.com\/parquet\/?page_id=468"},"modified":"2021-03-12T13:13:29","modified_gmt":"2021-03-12T12:13:29","slug":"politica-de-cookies","status":"publish","type":"page","link":"https:\/\/www.canballet.com\/parquet\/politica-de-cookies\/","title":{"rendered":"Pol\u00edtica de cookies"},"content":{"rendered":"\n<p>La p\u00e1gina web&nbsp;www.tariparkeivissa.com&nbsp;es titularidad de&nbsp;EL PORQUE DEL PARQUET S.L.&nbsp;y cumple con los requisitos derivados de la Ley 34\/2002, de 11 de julio, de Servicios de la Sociedad de la Informaci\u00f3n y de Comercio Electr\u00f3nico, del Real Decreto-ley 13\/2012, de 30 de marzo, as\u00ed como de las obligaci\u00f3n de Informaci\u00f3n al usuario contemplada en la Ley Org\u00e1nica 15\/1999, de 13 de diciembre, de Protecci\u00f3n de Datos de Car\u00e1cter Personal.<br>Datos identificativos&nbsp;<\/p>\n\n\n\n<p>Nombre: www.tariparkeivissa.com<br>Poblaci\u00f3n: Ibiza<br>Provincia: Islas Baleares<br>Email: taripark@tariparkeivissa.com<br>URL:&nbsp;www.tariparkeivissa.com<\/p>\n\n\n\n<p>Nota Legal<\/p>\n\n\n\n<p>De acuerdo con la normativa vigente en materia de protecci\u00f3n de datos as\u00ed como en materia de servicios de la sociedad de la informaci\u00f3n y de comercio electr\u00f3nico, el usuario acepta que los datos personales aportados en la Web, o cualquier otro facilitado a&nbsp;EL PORQUE DEL PARQUET S.L.&nbsp;para su acceso a algunos de los servicios sean incorporados a ficheros titularidad de&nbsp;EL PORQUE DEL PARQUET S.L., con la finalidad de facilitar la prestaci\u00f3n de los servicios solicitados, para la correcta identificaci\u00f3n de los usuarios que solicitan servicios personalizados en la Web, para la gesti\u00f3n de tareas b\u00e1sicas de administraci\u00f3n, as\u00ed como para mantenerle informado, bien por correo electr\u00f3nico bien por cualquier otro medio, de novedades, productos y servicios relacionados con&nbsp;EL PORQUE DEL PARQUET S.L..&nbsp;En el caso de comunicaciones comerciales a trav\u00e9s de correo electr\u00f3nico o medio equivalente, el usuario presta su consentimiento expreso para el env\u00edo de publicidad a trav\u00e9s de dicho medio.&nbsp;<\/p>\n\n\n\n<p>EL PORQUE DEL PARQUET S.L.&nbsp;se compromete al cumplimiento de su obligaci\u00f3n de secreto de los datos de car\u00e1cter personal y de su deber de tratarlos con confidencialidad, y asume, a estos efectos, las medidas de \u00edndole t\u00e9cnica, organizativa y de seguridad necesarias para evitar su alteraci\u00f3n, p\u00e9rdida, tratamiento o acceso no autorizado, de acuerdo con lo establecido en la Ley Org\u00e1nica 15\/1999 de 13 de diciembre, de Protecci\u00f3n de Datos de Car\u00e1cter Personal, y dem\u00e1s legislaci\u00f3n aplicable.&nbsp;<\/p>\n\n\n\n<p>Las respuestas de los campos que contienen un asterisco (*) o se\u00f1aladas como obligatorio, tienen un car\u00e1cter obligatorio, al considerarse la informaci\u00f3n m\u00ednima exigible para gestionar la informaci\u00f3n solicitada, sin esta informaci\u00f3n ser\u00eda imposible desarrollar el servicio solicitado. El resto de los campos son de respuesta facultativa.&nbsp;<\/p>\n\n\n\n<p>El usuario responder\u00e1, en cualquier caso, de la veracidad de los datos facilitados, reserv\u00e1ndose&nbsp;EL PORQUE DEL PARQUET S.L.&nbsp;el derecho a excluir de los servicios registrados a todo usuario que haya facilitado datos falsos, sin perjuicio de las dem\u00e1s acciones que procedan en Derecho.&nbsp;<\/p>\n\n\n\n<p>Cualquier usuario puede en cualquier momento ejercitar sus derechos de acceso, rectificaci\u00f3n, cancelaci\u00f3n y oposici\u00f3n, mediante un escrito, acreditando su identidad, mediante fotocopia del DNI, y especificando el derecho a ejercitar, a:&nbsp;EL PORQUE DEL PARQUET S.L.&nbsp;<\/p>\n\n\n\n<p>Normativa sobre el uso de cookies<\/p>\n\n\n\n<p>Esta Pol\u00edtica de Cookies es parte integrante del Aviso Legal y la Pol\u00edtica de Privacidad de&nbsp;EL PORQUE DEL PARQUET S.L.&nbsp;El acceso y la navegaci\u00f3n en el sitio, o el uso de los servicios del mismo, implican la aceptaci\u00f3n de las Condiciones Generales establecidas en nuestro Aviso Legal (y por tanto de la Pol\u00edtica de Privacidad y Pol\u00edtica de Cookies). Por favor, l\u00e9elas atentamente.&nbsp;<\/p>\n\n\n\n<p>Te agradecemos que hayas decidido visitarnos. Queremos que tu experiencia en el sitio sea lo mejor posible, y por ese motivo hemos escrito esta Pol\u00edtica de Cookies de la forma m\u00e1s transparente posible.&nbsp;<\/p>\n\n\n\n<p>\u00bfQu\u00e9 es una Cookie?<\/p>\n\n\n\n<p>Las cookies son archivos que contienen peque\u00f1as cantidades de informaci\u00f3n que se descargan en el dispositivo del usuario que se utiliza cuando visitas un sitio web. Su finalidad principal es reconocer al usuario cada vez que accede a&nbsp;www.tariparkeivissa.com&nbsp;nos permite, adem\u00e1s, mejorar la calidad y la usabilidad de nuestra web.&nbsp;<\/p>\n\n\n\n<p>Las cookies son esenciales para el funcionamiento de Internet; no pueden da\u00f1ar el equipo\/dispositivo del usuario y, si se encuentran activadas en la configuraci\u00f3n de tu navegador, nos ayudan a identificar y resolver posibles errores de funcionamiento de&nbsp;www.tariparkeivissa.com.&nbsp;<\/p>\n\n\n\n<p>Tipos de Cookies<\/p>\n\n\n\n<p>Hay diferentes tipos de cookies. Todos ellos trabajan de la misma manera, pero tienen peque\u00f1as diferencias:&nbsp;<\/p>\n\n\n\n<p>Cookies de Sesi\u00f3n. Las cookies de sesi\u00f3n duran solamente por la duraci\u00f3n de tu visita y se borran cuando cierras el navegador. Su finalidad principal es identificar el tipo de dispositivo, apoyar la seguridad sitio web o su funcionalidad b\u00e1sica. No contienen informaci\u00f3n personal que nos permita identificar a una persona.<\/p>\n\n\n\n<p>Cookies Persistentes o Permanentes: Se almacenan en el disco duro del dispositivo y nuestra web las lee cada vez que realizas una nueva visita a&nbsp;www.tariparkeivissa.com; posee una fecha de caducidad o expiraci\u00f3n determinada, cumplida la cual la cookie deja de funcionar. Nos permiten identificar tus acciones y preferencias; analizar las visitas y nos ayudan a comprender c\u00f3mo llegan los usuarios a nuestra p\u00e1gina y mejorar nuestros servicios.<\/p>\n\n\n\n<p>Cookies de Funcionalidad: Permiten a&nbsp;www.tariparkeivissa.com&nbsp;recordar decisiones adoptadas por el usuario, como su login o identificador. La informaci\u00f3n de estas cookies recogen se anonimiza (es decir, no contiene ni tu nombre, direcci\u00f3n, u otros datos).<\/p>\n\n\n\n<p>Cookies de Terceros. Las cookies de terceros son las cookies que instala un sitio web que no es el que est\u00e1s visitando; por ejemplo, las usadas por redes sociales (como Facebook) o por complementos externos de contenido (como Google Maps). Adem\u00e1s, algunas empresas de publicidad usan este tipo de archivos para realizar un seguimiento de tus visitas en cada sitio en el que se anuncian.<\/p>\n\n\n\n<p>Cookies Anal\u00edticas: Son cookies que tienen por finalidad el mantenimiento peri\u00f3dico y garantizar el mejor funcionamiento y servicio al usuario; recopilando datos de tu actividad.&nbsp;<\/p>\n\n\n\n<p>Uso de Cookies por parte de (www.tariparkeivissa.com)<\/p>\n\n\n\n<p>Mediante el acceso a&nbsp;www.tariparkeivissa.com, aceptas de manera expresa que podamos usar este tipo de cookies en tus dispositivos. Si desactivas las cookies, puede que tu navegaci\u00f3n por&nbsp;www.tariparkeivissa.com&nbsp;no sea \u00f3ptima y algunas de las utilidades que dispone&nbsp;www.tariparkeivissa.com&nbsp;no funcionen correctamente.&nbsp;<\/p>\n\n\n\n<p>a) Cookies de Terceros. Cookies de Google Analytics&nbsp;<\/p>\n\n\n\n<p>El sitio utiliza el servicio Google Analytics, que es prestado por Google, Inc., entidad cuya oficina principal est\u00e1 en 1600 Amphitheatre Parkway, Mountain View (California), CA 94043, Estados Unidos (\u201cGoogle\u201d).&nbsp;<\/p>\n\n\n\n<p>Google Analytics utiliza cookies para ayudarnos a analizar el uso que hacen los usuarios del sitio. La informaci\u00f3n que genera la cookie acerca de tu uso del sitio (incluyendo tu direcci\u00f3n IP) ser\u00e1 directamente transmitida y archivada por Google en sus servidores de Estados Unidos. Google usar\u00e1 esta informaci\u00f3n por cuenta nuestra con el prop\u00f3sito de seguir la pista de tu uso del sitio, recopilando informes de la actividad del sitio y prestando otros servicios relacionados con la actividad del sitio y el uso de Internet. Google podr\u00e1 transmitir dicha informaci\u00f3n a terceros cuando as\u00ed se lo requiera la legislaci\u00f3n, o cuando dichos terceros procesen la informaci\u00f3n por cuenta de Google. Google no asociar\u00e1 tu direcci\u00f3n IP con ning\u00fan otro dato del que disponga Google.&nbsp;<\/p>\n\n\n\n<p>Si lo deseas puedes rechazar el tratamiento de los datos o la informaci\u00f3n rechazando el uso de cookies mediante la selecci\u00f3n de la configuraci\u00f3n apropiada de tu navegador. Sin embargo, si lo haces, puede ser que no puedas usar la plena funcionabilidad de este sitio. Al utilizar este sitio consientes el tratamiento tu informaci\u00f3n por Google en la forma y para los fines arriba indicados.&nbsp;<\/p>\n\n\n\n<p>Nombre de las cookies:<\/p>\n\n\n\n<p>_utma<\/p>\n\n\n\n<p>_utmb<\/p>\n\n\n\n<p>_utmc<\/p>\n\n\n\n<p>_utmv<\/p>\n\n\n\n<p>_utmz&nbsp;<\/p>\n\n\n\n<p>Prop\u00f3sito de las cookies:<\/p>\n\n\n\n<p>Estas cookies de Google Analytics generan un ID de usuario an\u00f3nimo, que es el que se utiliza para hacer un recuento de cuantas veces visita www.tariparkeivissa.com el usuario. Tambi\u00e9n registra cuando fue la primera y la \u00faltima vez que visit\u00f3 la web. Asimismo, calcula cuando se ha terminado una sesi\u00f3n, origen de usuario y keyword.&nbsp;<\/p>\n\n\n\n<p>Configuraci\u00f3n del usuario para evitar Cookies<\/p>\n\n\n\n<p>Desde www.tariparkeivissa.com y en cumplimiento de la normativa legal vigente, ponemos a tu disposici\u00f3n la informaci\u00f3n que te permita configurar tu navegador\/navegadores de Internet para mantener tu privacidad y seguridad en relaci\u00f3n a las cookies. Por ello, te facilitamos la informaci\u00f3n y enlaces a los sitos de soporte oficiales de los principales navegadores para que puedas decidir si deseas o no aceptar el uso de cookies.&nbsp;<\/p>\n\n\n\n<p>As\u00ed, puedes bloquear las cookies a trav\u00e9s de las herramientas de configuraci\u00f3n del navegador o bien puedes configurar tu navegador para que te avise cuando un servidor quiera guardar una cookie:<\/p>\n\n\n\n<p>Si utilizas Microsoft Internet Explorer, en la opci\u00f3n de men\u00fa Herramientas &gt; Opciones de Internet &gt; Privacidad &gt; Configuraci\u00f3n. Para saber m\u00e1s visita http:\/\/windows.microsoft.com\/es-es\/windows-vista\/block-or-allow-cookies y http:\/\/windows.microsoft.com\/es-es\/windows7\/how-to-manage-cookies-in-internet-expl orer-9.<\/p>\n\n\n\n<p>Si utilizas Firefox, en la opci\u00f3n de men\u00fa Herramientas &gt; Opciones &gt; Privacidad &gt; Cookies. Para saber m\u00e1s visita https:\/\/support.mozilla.org\/es\/kb\/habilitar-y-deshabilitar-cookies-que-los-sitios -web<\/p>\n\n\n\n<p>Si utilizas Chrome, en la secci\u00f3n de Opciones &gt; Opciones avanzadas &gt; Privacidad. Para saber m\u00e1s http:\/\/support.google.com\/chrome\/bin\/answer.py?hl=es&amp;answer=95647<\/p>\n\n\n\n<p>Si utilizas Opera, en la opci\u00f3n de Seguridad y Privacidad, podr\u00e1s configurar el navegador. Para saber m\u00e1s visita http:\/\/www.opera.com\/help\/tutorials\/<\/p>\n","protected":false},"excerpt":{"rendered":"<p>La p\u00e1gina web&nbsp;www.tariparkeivissa.com&nbsp;es titularidad de&nbsp;EL PORQUE DEL PARQUET S.L.&nbsp;y cumple con los requisitos derivados de la Ley 34\/2002, de 11 de julio, de Servicios de la Sociedad de la Informaci\u00f3n y de Comercio Electr\u00f3nico, del Real Decreto-ley 13\/2012, de 30 de marzo, as\u00ed como de las obligaci\u00f3n de Informaci\u00f3n al usuario contemplada en la Ley [&hellip;]<\/p>\n","protected":false},"author":1,"featured_media":0,"parent":0,"menu_order":0,"comment_status":"closed","ping_status":"closed","template":"","meta":[],"_links":{"self":[{"href":"https:\/\/www.canballet.com\/parquet\/wp-json\/wp\/v2\/pages\/468"}],"collection":[{"href":"https:\/\/www.canballet.com\/parquet\/wp-json\/wp\/v2\/pages"}],"about":[{"href":"https:\/\/www.canballet.com\/parquet\/wp-json\/wp\/v2\/types\/page"}],"author":[{"embeddable":true,"href":"https:\/\/www.canballet.com\/parquet\/wp-json\/wp\/v2\/users\/1"}],"replies":[{"embeddable":true,"href":"https:\/\/www.canballet.com\/parquet\/wp-json\/wp\/v2\/comments?post=468"}],"version-history":[{"count":0,"href":"https:\/\/www.canballet.com\/parquet\/wp-json\/wp\/v2\/pages\/468\/revisions"}],"wp:attachment":[{"href":"https:\/\/www.canballet.com\/parquet\/wp-json\/wp\/v2\/media?parent=468"}],"curies":[{"name":"wp","href":"https:\/\/api.w.org\/{rel}","templated":true}]}}